{"id":6,"date":"2017-01-27T09:25:47","date_gmt":"2017-01-27T09:25:47","guid":{"rendered":"http:\/\/service-beck.com\/wordpress\/?page_id=6"},"modified":"2017-05-08T07:15:26","modified_gmt":"2017-05-08T07:15:26","slug":"buro-services","status":"publish","type":"page","link":"https:\/\/service-beck.com\/wordpress\/buro-services\/","title":{"rendered":"B\u00dcRO-SERVICES"},"content":{"rendered":"<p>M\u00f6chten Sie Ihre B\u00fcroorganisation optimieren?<br \/>\nOder w\u00fcnschen Sie sich mehr Strukturen f\u00fcr Ihre Ablage und steuerrelevanten Unterlagen?<\/p>\n<p>Ich unterst\u00fctze Sie, die Ablagesysteme auf Ihre Pers\u00f6nlichkeit bzw. pers\u00f6nliche Struktur anzupassen und erarbeite mit Ihnen Fahrstra\u00dfen f\u00fcr Ihre B\u00fcroorganisation.<\/p>\n<p><a href=\".\/kontakt\/\">Kontaktieren Sie mich unverbindlich und lassen mich wissen, welche Serviceleistungen Sie sich w\u00fcnschen oder dringend ben\u00f6tigen!<\/a><\/p>\n","protected":false},"excerpt":{"rendered":"<p>M\u00f6chten Sie Ihre B\u00fcroorganisation optimieren? Oder w\u00fcnschen Sie sich mehr Strukturen f\u00fcr Ihre Ablage und steuerrelevanten Unterlagen? Ich unterst\u00fctze Sie, die Ablagesysteme auf Ihre Pers\u00f6nlichkeit bzw. pers\u00f6nliche Struktur anzupassen und erarbeite mit Ihnen Fahrstra\u00dfen f\u00fcr Ihre B\u00fcroorganisation. Kontaktieren Sie mich unverbindlich und lassen mich wissen, welche Serviceleistungen Sie sich w\u00fcnschen oder dringend ben\u00f6tigen!<\/p>\n","protected":false},"author":1,"featured_media":0,"parent":0,"menu_order":0,"comment_status":"closed","ping_status":"closed","template":"","meta":[],"_links":{"self":[{"href":"https:\/\/service-beck.com\/wordpress\/wp-json\/wp\/v2\/pages\/6"}],"collection":[{"href":"https:\/\/service-beck.com\/wordpress\/wp-json\/wp\/v2\/pages"}],"about":[{"href":"https:\/\/service-beck.com\/wordpress\/wp-json\/wp\/v2\/types\/page"}],"author":[{"embeddable":true,"href":"https:\/\/service-beck.com\/wordpress\/wp-json\/wp\/v2\/users\/1"}],"replies":[{"embeddable":true,"href":"https:\/\/service-beck.com\/wordpress\/wp-json\/wp\/v2\/comments?post=6"}],"version-history":[{"count":3,"href":"https:\/\/service-beck.com\/wordpress\/wp-json\/wp\/v2\/pages\/6\/revisions"}],"predecessor-version":[{"id":56,"href":"https:\/\/service-beck.com\/wordpress\/wp-json\/wp\/v2\/pages\/6\/revisions\/56"}],"wp:attachment":[{"href":"https:\/\/service-beck.com\/wordpress\/wp-json\/wp\/v2\/media?parent=6"}],"curies":[{"name":"wp","href":"https:\/\/api.w.org\/{rel}","templated":true}]}}